 by 245?
10
Calculate the remainder when 45755 is divided by 492.
491
What is the remainder when 208618 is divided by 229?
228
What is the remainder when 153245 is divided by 473?
466
Calculate the remainder when 1009115 is divided by 34.
29
Calculate the remainder when 57355 is divided by 26.
25
What is the remainder when 1186009 is divided by 1357?
1348
What is the remainder when 4763 is divided by 4?
3
What is the remainder when 463458 is divided by 10533?
6
What is the remainder when 29038 is divided by 14517?
4
What is the remainder when 1007426 is divided by 35?
21
What is the remainder when 212048 is divided by 238?
228
Calculate the remainder when 24944 is divided by 77.
73
Calculate the remainder when 11426 is divided by 636.
614
What is the remainder when 6803 is divided by 516?
95
What is the remainder when 14214 is divided by 6?
0
Calculate the remainder when 1564691 is divided by 13.
11
Calculate the remainder when 62878 is divided by 160.
158
Calculate the remainder when 2938 is divided by 1064.
810
Calculate the remainder when 4163 is divided by 348.
335
What is the remainder when 57570 is divided by 514?
2
What is the remainder when 83156 is divided by 533?
8
Calculate the remainder when 8738 is divided by 76.
74
What is the remainder when 3780 is divided by 936?
36
Calculate the remainder when 41999 is divided by 140.
139
What is the remainder when 56151 is divided by 80?
71
Calculate the remainder when 20286 is divided by 180.
126
What is the remainder when 47278 is divided by 233?
212
Calculate the remainder when 401200 is divided by 31.
29
What is the remainder when 223872 is divided by 74618?
18
Calculate the remainder when 841 is divided by 229.
154
What is the remainder when 175347 is divided by 185?
152
What is the remainder when 11993 is divided by 19?
4
Calculate the remainder when 344441 is divided by 44.
9
Calculate the remainder when 5758 is divided by 6.
4
What is the remainder when 20938 is divided by 187?
181
Calculate the remainder when 218712 is divided by 36449.
18
What is the remainder when 30944 is divided by 524?
28
What is the remainder when 44602 is divided by 45?
7
What is the remainder when 37165 is divided by 144?
13
What is the remainder when 27122 is divided by 9005?
107
Calculate the remainder when 30499 is divided by 16.
3
Calculate the remainder when 81322 is divided by 16248.
82
What is the remainder when 29434 is divided by 82?
78
What is the remainder when 14638 is divided by 14?
8
Calculate the remainder when 127830 is divided by 35.
10
Calculate the remainder when 2566 is divided by 112.
102
What is the remainder when 7105 is divided by 162?
139
Calculate the remainder when 18566 is divided by 4.
2
What is the remainder when 4894 is divided by 68?
66
Calculate the remainder when 220086 is divided by 88.
86
What is the remainder when 1364517 is divided by 137?
134
What is the remainder when 55248 is divided by 3?
0
Calculate the remainder when 12831 is divided by 1155.
126
What is the remainder when 699 is divided by 234?
231
What is the remainder when 14058 is divided by 703?
701
What is the remainder when 7200 is divided by 27?
18
Calculate the remainder when 29205 is divided by 1947.
0
What is the remainder when 721 is divided by 442?
279
What is the remainder when 5237 is divided by 1309?
1
What is the remainder when 28377 is divided by 37?
35
What is the remainder when 47842 is divided by 389?
384
What is the remainder when 16296 is divided by 110?
16
Calculate the remainder when 2524 is divided by 348.
88
Calculate the remainder when 1838 is divided by 173.
108
Calculate the remainder when 49651 is divided by 50.
1
What is the remainder when 1391 is divided by 538?
315
What is the remainder when 59345 is divided by 148?
145
Calculate the remainder when 208452 is divided by 1212.
1200
Calculate the remainder when 454155 is divided by 36.
15
What is the remainder when 993 is divided by 45?
3
What is the remainder when 76784 is divided by 21?
8
Calculate the remainder when 1318944 is divided by 14.
4
Calculate the remainder when 92638 is divided by 12.
10
What is the remainder when 136845 is divided by 795?
105
What is the remainder when 763 is divided by 106?
21
What is the remainder when 414890 is divided by 6?
2
What is the remainder when 1931 is divided by 275?
6
What is the remainder when 5757 is divided by 551?
247
Calculate the remainder when 80843 is divided by 8982.
5
What is the remainder when 156161 is divided by 17?
16
Calculate the remainder when 202775 is divided by 10672.
7
Calculate the remainder when 174965 is divided by 73.
57
What is the remainder when 66580 is divided by 22184?
28
Calculate the remainder when 23165 is divided by 446.
419
What is the remainder when 2651 is divided by 2564?
87
What is the remainder when 78106 is divided by 46?
44
What is the remainder when 15053 is divided by 1508?
1481
Calculate the remainder when 1049 is divided by 56.
41
What is the remainder when 16958 is divided by 892?
10
What is the remainder when 84386 is divided by 17?
15
Calculate the remainder when 9677 is divided by 333.
20
Calculate the remainder when 9297 is divided by 9278.
19
Calculate the remainder when 111787 is divided by 280.
67
Calculate the remainder when 3239 is divided by 1610.
19
Calculate the remainder when 422299 is divided by 906.
103
What is the remainder when 29820 is divided by 2126?
56
Calculate the remainder when 1615 is divided by 326.
311
Calculate the remainder when 7085 is divided by 854.
253
Calculate the remainder when 6174 is divided by 121.
3
What is the remainder when 7217 is divided by 421?
60
What is the remainder when 1517 is divided by 19?
16
Calculate the remainder when 96029 is divided by 19151.
274
What is the remainder when 74819 is divided by 360?
299
Calculate the remainder when 95882 is divided by 1475.
7
What is the remainder when 288768 is divided by 48128?
0
Calculate the remainder when 500174 is divided by 741.
740
Calculate the remainder when 178420 is divided by 681.
679
Calculate the remainder when 27318 is divided by 19.
15
What is the remainder when 9519 is divided by 751?
507
What is the remainder when 4077741 is divided by 528?
525
Calculate the remainder when 57144 is divided by 225.
219
What is the remainder when 66806 is divided by 262?
258
Calculate the remainder when 873 is divided by 177.
165
Calculate the remainder when 101676 is divided by 50834.
8
Calculate the remainder when 325637 is divided by 687.
686
What is the remainder when 11419 is divided by 4?
3
Calculate the remainder when 35021 is divided by 211.
206
Calculate the remainder when 3368 is divided by 1630.
108
What is the remainder when 22659 is divided by 3236?
7
What is the remainder when 297 is divided by 54?
27
Calculate the remainder when 3601 is divided by 450.
1
Calculate the remainder when 17089 is divided by 114.
103
What is the remainder when 122849 is divided by 61424?
1
Calculate the remainder when 16459 is divided by 194.
163
What is the remainder when 745 is divided by 94?
87
What is the remainder when 14611 is divided by 209?
190
Calculate the remainder when 82608 is divided by 53.
34
Calculate the remainder when 42771 is divided by 148.
147
Calculate the remainder when 9028 is divided by 10.
8
What is the remainder when 189909 is divided by 15?
9
Calculate the remainder when 228291 is divided by 33.
30
Calculate the remainder when 4062 is divided by 253.
14
What is the remainder when 8854 is divided by 463?
57
What is the remainder when 4232 is divided by 280?
32
What is the remainder when 4147 is divided by 1202?
541
What is the remainder when 15785 is divided by 1260?
665
What is the remainder when 408671 is divided by 11?
10
Calculate the remainder when 1454567 is divided by 67.
64
What is the remainder when 1659 is divided by 55?
9
Calculate the remainder when 2156 is divided by 426.
26
What is the remainder when 1709 is divided by 155?
4
What is the remainder when 16361 is divided by 186?
179
Calculate the remainder when 3750 is divided by 145.
125
What is the remainder when 85373 is divided by 4?
1
What is the remainder when 6432 is divided by 149?
25
What is the remainder when 3247 is divided by 2374?
873
Calculate the remainder 